{"id":26,"date":"2023-06-22T15:41:21","date_gmt":"2023-06-22T15:41:21","guid":{"rendered":"https:\/\/kammerorchester-freiburg.de\/?page_id=26"},"modified":"2026-01-17T08:22:30","modified_gmt":"2026-01-17T08:22:30","slug":"ueber-uns","status":"publish","type":"page","link":"https:\/\/kammerorchester-freiburg.de\/?page_id=26","title":{"rendered":"\u00dcber uns"},"content":{"rendered":"\n<p>Das Junge Kammerorchester Freiburg besteht in unterschiedlicher Form schon seit 1986 als ein vorwiegend studentisches, symphonisches Orchester. Wir wollen in jedem Semester gemeinsam ein abwechslungsreiches Konzertprogramm erarbeiten und es am Ende des Semesters an mindestens zwei Terminen auff\u00fchren. In der Regel findet ein Konzert in Freiburg, das andere in der n\u00e4heren Umgebung statt.<\/p>\n\n\n\n<p>In unseren w\u00f6chentlichen Proben und w\u00e4hrend einiger Probenwochenenden sammeln wir uns aus Leidenschaft f\u00fcr das Ein\u00fcben sch\u00f6ner Musik im Orchester. So haben wir in den letzten Semestern in verschiedenen Besetzungen Werke aus mehreren Epochen, von Mozart bis Janacek, Sibelius bis P\u00e4rt zur Auff\u00fchrung gebracht. Zu musikalischen H\u00f6hepunkten begleiten uns dabei immer wieder Konzerte mit Solisten an Bratsche, Klavier, Violoncello, Fagott oder Violine.<\/p>\n\n\n\n<p>Auf dieser Seite m\u00f6chten wir uns kurz vorstellen. Wir hoffen, dass wir Sie\/Dich bald im Zuh\u00f6rerraum oder sogar in unseren Reihen wiedersehen.<\/p>\n","protected":false},"excerpt":{"rendered":"<p>Das Junge Kammerorchester Freiburg besteht in unterschiedlicher Form schon seit 1986 als ein vorwiegend studentisches, symphonisches Orchester. Wir wollen in jedem Semester gemeinsam ein abwechslungsreiches Konzertprogramm erarbeiten und es am [&hellip;]<\/p>\n","protected":false},"author":1,"featured_media":0,"parent":0,"menu_order":0,"comment_status":"closed","ping_status":"closed","template":"","meta":{"_EventAllDay":false,"_EventTimezone":"","_EventStartDate":"","_EventEndDate":"","_EventStartDateUTC":"","_EventEndDateUTC":"","_EventShowMap":false,"_EventShowMapLink":false,"_EventURL":"","_EventCost":"","_EventCostDescription":"","_EventCurrencySymbol":"","_EventCurrencyCode":"","_EventCurrencyPosition":"","_EventDateTimeSeparator":"","_EventTimeRangeSeparator":"","_EventOrganizerID":[],"_EventVenueID":[],"_OrganizerEmail":"","_OrganizerPhone":"","_OrganizerWebsite":"","_VenueAddress":"","_VenueCity":"","_VenueCountry":"","_VenueProvince":"","_VenueState":"","_VenueZip":"","_VenuePhone":"","_VenueURL":"","_VenueStateProvince":"","_VenueLat":"","_VenueLng":"","_VenueShowMap":false,"_VenueShowMapLink":false,"footnotes":""},"class_list":["post-26","page","type-page","status-publish","hentry"],"_links":{"self":[{"href":"https:\/\/kammerorchester-freiburg.de\/index.php?rest_route=\/wp\/v2\/pages\/26","targetHints":{"allow":["GET"]}}],"collection":[{"href":"https:\/\/kammerorchester-freiburg.de\/index.php?rest_route=\/wp\/v2\/pages"}],"about":[{"href":"https:\/\/kammerorchester-freiburg.de\/index.php?rest_route=\/wp\/v2\/types\/page"}],"author":[{"embeddable":true,"href":"https:\/\/kammerorchester-freiburg.de\/index.php?rest_route=\/wp\/v2\/users\/1"}],"replies":[{"embeddable":true,"href":"https:\/\/kammerorchester-freiburg.de\/index.php?rest_route=%2Fwp%2Fv2%2Fcomments&post=26"}],"version-history":[{"count":1,"href":"https:\/\/kammerorchester-freiburg.de\/index.php?rest_route=\/wp\/v2\/pages\/26\/revisions"}],"predecessor-version":[{"id":27,"href":"https:\/\/kammerorchester-freiburg.de\/index.php?rest_route=\/wp\/v2\/pages\/26\/revisions\/27"}],"wp:attachment":[{"href":"https:\/\/kammerorchester-freiburg.de\/index.php?rest_route=%2Fwp%2Fv2%2Fmedia&parent=26"}],"curies":[{"name":"wp","href":"https:\/\/api.w.org\/{rel}","templated":true}]}}

Über uns

<p>Das Junge Kammerorchester Freiburg besteht in unterschiedlicher Form schon seit 1986 als ein vorwiegend studentisches, symphonisches Orchester. Wir wollen in jedem Semester gemeinsam ein abwechslungsreiches Konzertprogramm erarbeiten und es am Ende des Semesters an mindestens zwei Terminen aufführen. In der Regel findet ein Konzert in Freiburg, das andere in der näheren Umgebung statt.</p>



<p>In unseren wöchentlichen Proben und während einiger Probenwochenenden sammeln wir uns aus Leidenschaft für das Einüben schöner Musik im Orchester. So haben wir in den letzten Semestern in verschiedenen Besetzungen Werke aus mehreren Epochen, von Mozart bis Janacek, Sibelius bis Pärt zur Aufführung gebracht. Zu musikalischen Höhepunkten begleiten uns dabei immer wieder Konzerte mit Solisten an Bratsche, Klavier, Violoncello, Fagott oder Violine.</p>



<p>Auf dieser Seite möchten wir uns kurz vorstellen. Wir hoffen, dass wir Sie/Dich bald im Zuhörerraum oder sogar in unseren Reihen wiedersehen.</p>
