{"id":4,"date":"2023-06-22T08:14:24","date_gmt":"2023-06-22T08:14:24","guid":{"rendered":"https:\/\/kammerorchester-freiburg.de\/?page_id=4"},"modified":"2026-04-14T20:32:07","modified_gmt":"2026-04-14T20:32:07","slug":"willkommen-auf-https-kammerorchester-freiburg-de","status":"publish","type":"page","link":"https:\/\/kammerorchester-freiburg.de\/","title":{"rendered":"Herzlich Willkommen beim Jungen Kammerorchester Freiburg!"},"content":{"rendered":"\n<div style=\"height:100px\" aria-hidden=\"true\" class=\"wp-block-spacer\"><\/div>\n\n\n\n<figure class=\"wp-block-image size-large\"><img loading=\"lazy\" decoding=\"async\" width=\"1024\" height=\"251\" src=\"https:\/\/kammerorchester-freiburg.de\/wp-content\/uploads\/2023\/06\/Herold_Armida_final-46-DeNoiseAI-low-light-1024x251.jpg\" alt=\"\" class=\"wp-image-17\" srcset=\"https:\/\/kammerorchester-freiburg.de\/wp-content\/uploads\/2023\/06\/Herold_Armida_final-46-DeNoiseAI-low-light-1024x251.jpg 1024w, https:\/\/kammerorchester-freiburg.de\/wp-content\/uploads\/2023\/06\/Herold_Armida_final-46-DeNoiseAI-low-light-300x74.jpg 300w, https:\/\/kammerorchester-freiburg.de\/wp-content\/uploads\/2023\/06\/Herold_Armida_final-46-DeNoiseAI-low-light-768x188.jpg 768w, https:\/\/kammerorchester-freiburg.de\/wp-content\/uploads\/2023\/06\/Herold_Armida_final-46-DeNoiseAI-low-light-1536x376.jpg 1536w, https:\/\/kammerorchester-freiburg.de\/wp-content\/uploads\/2023\/06\/Herold_Armida_final-46-DeNoiseAI-low-light-2048x502.jpg 2048w\" sizes=\"auto, (max-width: 1024px) 100vw, 1024px\" \/><\/figure>\n\n\n\n<p>Endlich k\u00f6nnen wir wieder proben! Wenn du Lust hast, bei uns einzusteigen, ist das kommende Semester der ideale Zeitpunkt daf\u00fcr. Wir bereiten im Sommersemester 2026 ein neues umfangreiches Konzertprogramm vor:<\/p>\n\n\n\n<p>L. v. Beethoven: Symphonie Nr. 6, F-Dur<br>L. v. Beethoven: Coriolan Ouvert\u00fcre<br>Hector Berlioz: Plaisir d&#8217;amour<br>Franz Schubert: Memnon<br>Hubert Wolf: Denk&#8217; es o Seele; Gebet; Schlafendes Jesuskind und Verborgenheit<\/p>\n\n\n\n<p>Konzerttermine Vorraussichtlich:<\/p>\n\n\n\n<p>11.07.2026 (Samstag) in Freiburg <br><\/p>\n\n\n\n<p>12.07.2026 (Sonntag) um 19 Uhr evangelische Kirche Hinterzarten<br>(Adlerweg 13, 79856 Hinterzarten)<\/p>\n\n\n\n<p>Im Wintersemester Februar 2027 (Freiburg und Kirchzarten)<\/p>\n\n\n\n<p>Wir suchen Verst\u00e4rkung in folgenden Registern \u2013 <strong>ohne Vorspiel<\/strong>:<\/p>\n\n\n\n<ul class=\"wp-block-list\">\n<li>Bratsche<\/li>\n\n\n\n<li>Kontrabass<\/li>\n\n\n\n<li>Oboe<\/li>\n\n\n\n<li>Posaune<\/li>\n\n\n\n<li>Horn<\/li>\n<\/ul>\n\n\n\n<p>Und Verst\u00e4rkung in diesen Registern  \u2013 <strong>vermutlich mit Vorspiel<\/strong>:<\/p>\n\n\n\n<ul class=\"wp-block-list\">\n<li>Geige<\/li>\n\n\n\n<li>Cello<\/li>\n<\/ul>\n\n\n\n<p>Die erste Probe im Sommersemester 2026 ist am Freitag 24. April. Diese Probe wird wie alle weiteren Proben Dienstags um 19:30 Uhr in H\u00f6rsaal Psychologie (Engelbergerstra\u00dfe 41c), stattfinden. Wenn du Lust hast, bei uns mitzuspielen oder einfach mal eine Probe reinzuschnuppern, w\u00fcrden wir uns sehr \u00fcber Dein Kommen freuen!<\/p>\n\n\n\n<p>Du kannst uns auch sehr gerne eine <a href=\"mailto:info-jko@gmx.de\">Mail<\/a> schreiben, um auf dem Laufenden zu bleiben! Oder dem Instagram Kanal <a href=\"https:\/\/www.instagram.com\/jko_freiburg?igsh=MXVwdDY0cWRjaXk1ZQ%3D%3D&amp;utm_source=qr\">folgen.<\/a><\/p>\n\n\n\n<p><\/p>\n","protected":false},"excerpt":{"rendered":"<p>Endlich k\u00f6nnen wir wieder proben! Wenn du Lust hast, bei uns einzusteigen, ist das kommende Semester der ideale Zeitpunkt daf\u00fcr. Wir bereiten im Sommersemester 2026 ein neues umfangreiches Konzertprogramm vor: [&hellip;]<\/p>\n","protected":false},"author":1,"featured_media":0,"parent":0,"menu_order":0,"comment_status":"closed","ping_status":"closed","template":"","meta":{"_EventAllDay":false,"_EventTimezone":"","_EventStartDate":"","_EventEndDate":"","_EventStartDateUTC":"","_EventEndDateUTC":"","_EventShowMap":false,"_EventShowMapLink":false,"_EventURL":"","_EventCost":"","_EventCostDescription":"","_EventCurrencySymbol":"","_EventCurrencyCode":"","_EventCurrencyPosition":"","_EventDateTimeSeparator":"","_EventTimeRangeSeparator":"","_EventOrganizerID":[],"_EventVenueID":[],"_OrganizerEmail":"","_OrganizerPhone":"","_OrganizerWebsite":"","_VenueAddress":"","_VenueCity":"","_VenueCountry":"","_VenueProvince":"","_VenueState":"","_VenueZip":"","_VenuePhone":"","_VenueURL":"","_VenueStateProvince":"","_VenueLat":"","_VenueLng":"","_VenueShowMap":false,"_VenueShowMapLink":false,"footnotes":""},"class_list":["post-4","page","type-page","status-publish","hentry"],"_links":{"self":[{"href":"https:\/\/kammerorchester-freiburg.de\/index.php?rest_route=\/wp\/v2\/pages\/4","targetHints":{"allow":["GET"]}}],"collection":[{"href":"https:\/\/kammerorchester-freiburg.de\/index.php?rest_route=\/wp\/v2\/pages"}],"about":[{"href":"https:\/\/kammerorchester-freiburg.de\/index.php?rest_route=\/wp\/v2\/types\/page"}],"author":[{"embeddable":true,"href":"https:\/\/kammerorchester-freiburg.de\/index.php?rest_route=\/wp\/v2\/users\/1"}],"replies":[{"embeddable":true,"href":"https:\/\/kammerorchester-freiburg.de\/index.php?rest_route=%2Fwp%2Fv2%2Fcomments&post=4"}],"version-history":[{"count":26,"href":"https:\/\/kammerorchester-freiburg.de\/index.php?rest_route=\/wp\/v2\/pages\/4\/revisions"}],"predecessor-version":[{"id":124,"href":"https:\/\/kammerorchester-freiburg.de\/index.php?rest_route=\/wp\/v2\/pages\/4\/revisions\/124"}],"wp:attachment":[{"href":"https:\/\/kammerorchester-freiburg.de\/index.php?rest_route=%2Fwp%2Fv2%2Fmedia&parent=4"}],"curies":[{"name":"wp","href":"https:\/\/api.w.org\/{rel}","templated":true}]}}